)?
1
Let c be (9/(-15))/(2/(-20)). Suppose -3*p + p = -c. What is the units digit of p?
3
Let t be ((-4)/10)/(1/(-10)). Suppose -8*a + 20 = -t*a. Suppose -3*v = h - 37 - 5, 0 = -a*h. What is the tens digit of v?
1
Suppose -5*s - f + 24 = 0, -2*s = -3*f + 2*f - 11. Suppose 8 = -2*b - 5*a, a - 3*a = s*b - 22. What is the units digit of b?
6
Suppose 0 = 2*a + 2*g - 18, 2*a = 4*a - 2*g - 30. What is the tens digit of a?
1
Suppose j = -0*j. Let a be -2 - -5*(3 - j). Suppose -5*b + 10 = 2*g - 11, 2*g - 3*b = a. What is the units digit of g?
8
What is the tens digit of (14/(-21))/((-2)/645)?
1
Suppose -2*i - 3*b + 147 - 24 = 0, -5*b + 249 = 4*i. What is the units digit of i?
6
Let t = -10 + 13. What is the units digit of t?
3
Let s(u) = u + 2. Let d be s(0). What is the units digit of (-12)/4 + 16/d?
5
Let f(u) = -7*u**2 + 3*u. Let h be f(3). What is the units digit of (-2 - -3)/((-3)/h)?
8
Suppose 3 + 17 = 4*p. Suppose -3*a + p + 4 = -2*u, -u + 3 = 0. Suppose -a*f = -3*l + 15 + 12, 0 = l - 4*f - 16. What is the units digit of l?
4
Let k(f) = f**2 + f + 1. Let q be k(-2). Suppose -41 = -q*o - 4*n, 2*o - 3*n + 2 = 1. What is the units digit of o?
7
Let m = 5 - 2. Suppose f - m = b - 2, -3*f = -b - 11. What is the units digit of 120/21 + b/14?
6
Let i be 0 + (16 - 1) + 1. Suppose -z = z - i. What is the units digit of z?
8
Suppose 4*x - 53 = -4*z + x, -z - 3*x + 2 = 0. What is the units digit of z?
7
Suppose -2*w = -p - 6*w + 18, 3*p = 5*w + 3. Suppose 30 = p*m - m. What is the units digit of m?
6
What is the units digit of (-17)/((-170)/756) - (-2)/5?
6
Let d(b) = -b. Let t be d(-5). Suppose -3*u + t*u - 38 = 0. What is the tens digit of u?
1
Let m(z) = -5*z**3 - 2*z**2 + z + 2. Let y be m(-2). Let t = -17 + y. What is the units digit of t?
5
Let y = 16 - -3. What is the tens digit of (-1 + 0)/((-1)/y)?
1
Suppose -5*v + 5*z = -195, -3*v + 4*v - 41 = 2*z. What is the units digit of v?
7
Let a = -1 - -3. Let k(q) = -a*q - q**2 - 3*q + 3*q + 6*q + 4. What is the units digit of k(4)?
4
What is the tens digit of (42/8)/((-245)/(-120) - 2)?
2
Let g = 0 + 3. Suppose -11 = -g*i + 2*i. What is the tens digit of i?
1
Suppose -50 = 3*w - 5*w. Suppose w = -0*z + 4*z + 3*j, -j + 20 = 3*z. Suppose -2*o = 3*n - z, 5*o - 68 + 23 = -2*n. What is the tens digit of o?
1
Let y = -28 - -65. What is the units digit of y?
7
What is the tens digit of (-5 - 10/(-5)) + 81?
7
Suppose -282 = -4*l + l. What is the units digit of l?
4
What is the tens digit of 215/2 + 6 - 6/(-4)?
1
Let o(i) be the third derivative of -11*i**4/24 - i**3/6 - 7*i**2. What is the tens digit of o(-1)?
1
Suppose -4*j - 35 = -o, 0 = 5*j - o + 27 + 16. Let v = 4 - 15. Let d = j - v. What is the units digit of d?
3
Let n(a) = 2*a**2 + 7*a**3 - 1 - 2*a**3 - 3*a**2 + 3*a - a. What is the units digit of n(1)?
5
Suppose -4 - 2 = 3*l, 227 = t - l. What is the units digit of t?
5
Suppose -10 = -3*p + p. Suppose 0 = -p*b + 78 - 3. What is the units digit of b/(-10)*4/(-6)?
1
Suppose 3*b + 84 = r + 26, -4*r = -3*b - 214. What is the tens digit of r?
5
Suppose -4*y + 5*h + 14 = -51, -5*y + 5*h = -85. What is the units digit of y?
0
Suppose 1784 = -18*k + 7688. What is the tens digit of k?
2
Let a be (6/5)/((-15)/(-50)). Let m = a - 0. What is the units digit of m?
4
Let r(x) = x**3 - 3*x**2 - 6*x + 6. Let o be r(4). Let u be 4/5*(-5)/o. Suppose z = k - 3*z + 9, u*z = -2*k + 12. What is the units digit of k?
3
Let t = 247 + -169. What is the units digit of t?
8
Suppose 0 = -c - 0 + 3. Suppose -c*q - 3 = -15. Suppose -5*g - 3 = -3*v + 6, v = q*g + 3. What is the units digit of v?
3
Suppose 3*p + 2*d - 420 = 0, -d = 5*p - 7*p + 273. What is the hundreds digit of p?
1
Suppose 0 = 6*a - 148 - 38. Let f = a - 18. What is the units digit of f?
3
Suppose -383 = -5*z + 737. What is the units digit of z?
4
Let i be (-5 - -2)*(-10)/(-6). Let o(l) = 6*l**2 + l**3 - 3 + 2*l + 3*l - l. What is the units digit of o(i)?
2
What is the tens digit of (-4)/22 - (-1504)/44?
3
Let a be 4 + -2 - (2 + -1). What is the tens digit of a + 36 + 6/(-3)?
3
Let u = -5 + 10. Let k(h) = -8*h + u*h - 2 + 0. What is the units digit of k(-3)?
7
Suppose 0 = 4*h - 2*p - 6, h - 5*p = -21. Suppose -9 = -3*i + 3*b, -h*i + 6*b - 4*b + 18 = 0. Let d = -4 + i. What is the units digit of d?
2
Suppose -11 = -4*s - 3*m + 10, 5*s - 5*m = 0. Suppose -7 - s = -2*o, y + o = 36. What is the units digit of y?
1
Suppose i + 2*f = 6*f + 36, -4*f = 5*i - 60. What is the tens digit of i?
1
Let q(k) be the second derivative of -k**6/360 - 7*k**5/120 + k**4/12 + k. Let t(h) be the third derivative of q(h). What is the units digit of t(-5)?
3
Let r = 3 - -23. What is the units digit of r?
6
Let p(o) = -5*o**2 + 11*o + 9. Let q(u) = 9*u**2 - 21*u - 17. Let i(y) = -11*p(y) - 6*q(y). Let z = -24 - -17. What is the units digit of i(z)?
7
Let n(w) be the third derivative of -w**6/120 - w**5/10 - w**4/12 - 3*w**3/2 + 2*w**2. What is the units digit of n(-6)?
3
Suppose -10*j = -5*j. Suppose j = 5*p - 244 + 39. What is the tens digit of p?
4
Let h = -3 - 0. Let d(g) = g**3 + 4*g**2 - 2*g - 4. What is the units digit of d(h)?
1
Let b(d) = -3*d**3 - 3*d**2 + 4*d + 1. Let q(c) = -4*c**3 - 4*c**2 + 6*c + 1. Let y(t) = -7*b(t) + 5*q(t). What is the tens digit of y(2)?
1
Suppose 0 = -5*s - 71 + 246. Suppose 0 = -5*n - 0 + s. What is the units digit of n?
7
Let n(t) = 2*t - 7. Let v = 20 - 15. What is the units digit of n(v)?
3
Suppose -t - 3*t = -144. What is the units digit of t?
6
Suppose -q + 3*l = 3*q + 4, -4*q + 28 = 5*l. Suppose k = -4*k, 4*k = -q*g + 16. What is the units digit of g?
8
Let u = 184 + -50. What is the units digit of u?
4
Let s be (-8)/(-32) - 23/(-4). Suppose s + 6 = 2*f. Let k = f - 5. What is the units digit of k?
1
Suppose -3*f + 290 + 460 = 0. What is the tens digit of f?
5
Let b(q) = -98*q**3 - 2*q - 1. What is the units digit of b(-1)?
9
Suppose 0 = 4*j - 5*j. Suppose -q = -0*q - 3*d - 31, 3*q + d - 53 = j. What is the units digit of q?
9
Let a = 4 + 2. Suppose 2 = -2*b + a. Suppose 0 + b = 2*s. What is the units digit of s?
1
Suppose 4*f + 3*n - 24 = 0, -21 = -5*f - n + 9. Suppose -f*q + 12 = -4*q. Let m(w) = -w**2 + 8*w - 6. What is the units digit of m(q)?
6
Suppose 4*y - 37 - 179 = 0. Suppose 0 = 5*p - 4*z - 90, 0*p - 3*p = -z - y. What is the tens digit of p?
1
Let s(d) = -d + 9. What is the units digit of s(-7)?
6
Suppose -2*m = -4*g - 4*m + 2, 4 = -5*g + 4*m. Suppose 0 = -g*c - 4*c + 3*f + 52, 8 = -2*f. What is the units digit of 65/c - 2/4?
6
What is the tens digit of 3*(0 + 113/6*4)?
2
What is the hundreds digit of (-6 - -7)/5 + (-2958)/(-10)?
2
Let u = 10 + -5. Suppose -3*m - u*t = -31 - 84, m - 3*t = 43. What is the units digit of m?
0
Let u(p) be the second derivative of -p**4/24 + 2*p**3/3 - 2*p**2 + p. Let y(m) be the first derivative of u(m). What is the units digit of y(-3)?
7
Let q(i) = 3*i**2 + i. Let r(m) = 3*m**3 + 2*m**2 - 1. Let u be r(-1). What is the tens digit of q(u)?
1
Let q be 8*2/(-2) - -2. Let u = -6 - q. Suppose 3*h + u*k = -k + 10, -3*h + 2 = 5*k. What is the units digit of h?
4
Let r = 6 - -18. Suppose 3*c = 6 + r. What is the tens digit of c?
1
What is the tens digit of (18/(-1))/(-1*2/6)?
5
Suppose -141 = -5*r + 2*v, 0 = 6*v - 3*v + 9. What is the units digit of r?
7
Let c = 3 - 9. Let u = c - -8. What is the units digit of (-18)/(-14) + u/(-7)?
1
Suppose p - 2 = 2*h + 2*p, 5*h - 4*p + 5 = 0. Let x be 8/(-2*(h - 0)). What is the units digit of x/20 - 38/(-10)?
4
Suppose -50 = -p + 4. What is the units digit of p?
4
Let y(h) = h**3 + 9*h**2 - 9*h. Let p be y(-10). What is the tens digit of (-5)/25 - 222/p?
2
What is the tens digit of 89 - (8/(-28) + 48/21)?
8
Let r = 70 + -35. What is the tens digit of r?
3
Let a = -1 - -8. Let l = a + -3. Suppose l*v - 28 = -4*s, -4*v + 5 - 2 = -s. What is the units digit of s?
5
Let r be (-549)/6*(-8)/(-12). Let a = r - -86. Let x = a + -12. What is the tens digit of x?
1
Let o be 1*0/(-2)*-1. Suppose o*h = -3*h + 48. What is the tens digit of h?
1
Suppose q = -s - 1, 0 = q - 0*q - 2*s + 7. Let d = 0 - q. What is the units digit of d?
3
Let i = 195 - 35. What is the hundreds digit of i?
1
Let o be 220/4*4/10. What is the units digit of 18/o + (-10)/(-55)?
1
Let u = -1 + 5. Suppose -u*k 